= 253 - q. Is x a prime number?
True
Let n(s) = -45*s - 47. Is n(-16) a composite number?
False
Suppose -2*m - 27 = m. Is 1/((-3)/m) - -18 composite?
True
Let h be (-5)/5 + (-3)/(-1). Is 2 + 28/h + 3 a composite number?
False
Let f be 18/15*5/2. Suppose -11 = -f*q + 19. Let m = 1 + q. Is m a composite number?
False
Suppose -4*j + 8136 = -4*l, -13*l + 8*l - 6104 = -3*j. Is j a prime number?
False
Let a = 38 + -18. Let n = 53 - a. Is n a composite number?
True
Suppose 0*a + 6785 = 5*a. Is a a prime number?
False
Let f be 596/10 - (-2)/5. Let z be (42/(-5))/(18/f). Is 10/15 + z/(-3) composite?
True
Let r = -4 + 19. Suppose l + r = 2*l. Is l prime?
False
Suppose 8*k - 5*k - 8337 = 0. Is k a prime number?
False
Let y be -2 + (-4)/1 + 8. Suppose 0*p = y*p - 470. Is p a prime number?
False
Let l(a) = -a**3 + a**2 - a + 2. Let j be l(0). Suppose -j*u - 2*o = 4, -5*u + 2*o - 4*o - 7 = 0. Is 4*(u - 34/(-8)) composite?
False
Let d = -996 + 1745. Is d composite?
True
Let c(f) = f + 1. Let v be c(4). Let t(j) = v*j - 3*j - 2 + 2*j**3 - 3 + 2 - 5*j**2. Is t(4) a prime number?
True
Suppose -4*x - 5*p = -165, 68 = 3*x - 3*p - 49. Suppose 4*w - x = 4*u, u - 2 = -1. Is w a prime number?
True
Is 1 + 141 + (-7 - -8) prime?
False
Let i(a) = a**3 + 4*a**2 - 6*a - 6. Let f be ((-1)/(-3))/((-2)/30). Let o be i(f). Is o/(((-12)/363)/4) composite?
True
Let w = 3 - 3. Let l = w + 3. Suppose 2*u - 14 = r, -6 + 0 = l*r. Is u composite?
True
Let s = 638 + -949. Let a = -178 - s. Is a a prime number?
False
Let w(q) = -q**3 - 4*q**2 - 2*q - 1. Is w(-5) composite?
True
Let q(j) = -26*j + 17. Is q(-7) a prime number?
True
Let n be (-3)/9*(-6)/(-2). Let x = n + 6. Suppose x*i - 4*a = 130, -3*a - a - 20 = 0. Is i composite?
True
Suppose 0 = 4*j + 4*h - 744, -2*j - j + 5*h + 598 = 0. Is j a composite number?
False
Let k(a) = a**3 - 8*a**2 - 3*a + 5. Is k(9) composite?
False
Let p(g) = g**2 + 5*g - 7. Let w be p(-5). Let s(l) = l**2 + 6*l - 3. Let h be s(w). Suppose -4 = h*z - 32. Is z composite?
False
Suppose -7 = -v + 8. Suppose 5*z + 0*z + v = 0, 2*a - z - 157 = 0. Is a a composite number?
True
Suppose 4*b - 1775 = -251. Is b a prime number?
False
Let n = 9 + -4. Suppose 0 = -2*d - 0 + 2, n*q + 3*d = 448. Is q composite?
False
Suppose 0*n + 2*g + 588 = n, 0 = 2*n + 4*g - 1152. Suppose n = 3*p - 0*p. Is p composite?
True
Let w = -69 + 1810. Is w a prime number?
True
Suppose -5*c + 332 = -128. Suppose 3*p + c = 374. Is p composite?
True
Suppose 527 = 2*q + 93. Is q a prime number?
False
Let s(o) = o - 14. Let p be s(14). Suppose p = 2*f + 2*f - 740. Is f composite?
True
Suppose -b - 5*h - 9 = 12, 0 = -3*h - 9. Is 5 + 3 + b + 51 a prime number?
True
Let t(a) = -19*a + 8. Let c(z) be the second derivative of -z**3/6 + z**2/2 - z. Let m(k) = 4*c(k) - t(k). Is m(5) prime?
True
Is 4/(-12) + 416/6 composite?
True
Suppose -5*d + 4*o = -0*o - 2650, 2*d - 3*o - 1067 = 0. Is d a prime number?
False
Let g(y) = -y**2 + 5*y - 2. Let u be g(4). Let j be 2 + 0 + u/(-1). Suppose -5*f - 15 = j, -21 + 3 = -5*i + f. Is i a composite number?
False
Let j be (-56)/(-9) + 2/(-9). Is 52 - 0 - j/2 prime?
False
Let t(j) = 81*j**2 - 2*j. Let l be t(-2). Suppose 5*w - 727 = l. Is w a prime number?
True
Let f = 129 + 129. Suppose f - 22 = 4*j. Is j a composite number?
False
Suppose -5*n = -2*n - 987. Is n a composite number?
True
Let a(x) = 11*x**2 - 7*x - 3. Is a(5) a composite number?
True
Let b(c) = 32*c + 19. Is b(6) a prime number?
True
Let a(w) = 49*w**2 + w - 1. Let s(j) = 4 + j**2 + 4*j + 3*j**2 - 3*j**2. Let q be s(-3). Is a(q) prime?
False
Let k = 91 - 36. Is k a prime number?
False
Let x(j) = -j**2 + 11*j + 1. Let p be x(11). Is 12/(-4) - (-60)/p a composite number?
True
Let z = -2 + 7. Suppose 3*h - 5*b = 48, z*h + 3*b = 40 + 6. Is h a prime number?
True
Let b(n) = -3*n - 6. Let p be b(-4). Suppose 3*t - p = 5*t. Is 9*9 - (t - -5) a prime number?
True
Let f = 391 - 165. Is f a composite number?
True
Suppose s - 2*p - 28 = -0*p, -4*p = -3*s + 78. Let j = -31 + 22. Let o = j + s. Is o composite?
False
Suppose 3*u + 2*u - 5*a - 185 = 0, -2*u = 2*a - 82. Is (u - 8)/(0 + 1) a composite number?
False
Suppose 0 = -4*d - 1011 - 901. Let p = -185 - d. Is p composite?
False
Let u(k) = -k**3 + 6*k**2 - 4*k - 1. Let s be u(4). Let q = -9 + s. Is 7 + 2*(-3)/q a composite number?
True
Let t(b) = 19*b**2 - 2*b + 3. Is t(4) a prime number?
False
Suppose 8 = -2*k, -k + 5 + 21 = 3*w. Is w prime?
False
Let y(x) = -243*x - 13. Is y(-4) a prime number?
False
Let h be (-645)/(-9) - 1/(-3). Let v = h + -5. Suppose -2*d + v = -25. Is d prime?
False
Let l(g) = g + 1. Suppose 0 = -2*b + 5*b - 6. Is l(b) prime?
True
Let p(c) = -3 - 16 - 4*c - 30*c. Is p(-10) a composite number?
True
Let p(w) = 23*w - 11. Suppose -a + 2*a = 12. Is p(a) a composite number?
True
Let c be 123/4 + 2/8. Let v = -18 + c. Is v composite?
False
Let b = -907 + 1598. Is b prime?
True
Let l be 1 - 3 - (-3 + 2). Let n = 0 + l. Is 69 - ((n - -2) + 1) a prime number?
True
Suppose -v + 4*v - 24 = 0. Suppose -2*s + f = -v, -5*s + 0 = 4*f - 20. Suppose -3*n - 10 = -s*n. Is n a prime number?
False
Suppose -5*y - 263 = 5*r - 2618, r = 5*y + 447. Is r prime?
True
Let x = 133 + -79. Suppose -r + 3*r + x = 0. Is 799/9 - 6/r a composite number?
False
Let j = 16 - 22. Let y = j - -17. Is y composite?
False
Is 17644/7 - (-15)/35 a prime number?
True
Suppose -5*z - 38 = -313. Suppose 4*t + z = -217. Let v = 17 - t. Is v prime?
False
Let t = -277 + 612. Is t a prime number?
False
Let g(i) = 4*i**2. Let s be g(-1). Suppose 6 = -3*m + s*m. Suppose 37 = 7*h - m*h. Is h prime?
True
Is (-233339)/(-133) + (-6)/14 composite?
True
Suppose 3*r = -j + 5*j + 1805, -2285 = 5*j + 2*r. Let n = 642 + j. Is n a prime number?
False
Suppose -b - 12429 = -10*b. Is b a prime number?
True
Suppose -4*h - h + 40 = 0. Is 2/(-8) + 954/h composite?
True
Let o be 10*(-1 + 12/8). Let b(x) = 61*x + 12. Is b(o) composite?
False
Suppose o - 9 = -2*o. Suppose 3*w - b = 11, w = b + o*b + 22. Suppose 0 = -w*p + 14 + 48. Is p prime?
True
Let s(k) = k**3 - 3*k**2 + 4*k - 2. Let c be s(2). Suppose 0*t + c*t = 130. Is t a prime number?
False
Suppose 0 = -3*n + 42 + 279. Suppose -4*a = -0*a + 232. Let k = n + a. Is k prime?
False
Let t be 2 - 72/2*-2. Let y be 2 - ((-4)/2 - -2). Suppose 0 = 3*j - 4*j + f + t, -y*j + f + 151 = 0. Is j a composite number?
True
Let u(a) = -a**3 - 7*a**2 + 8*a + 4. Let w be u(-8). Suppose -w*s + 109 = -23. Is s prime?
False
Suppose 5 = 6*h - h. Suppose -3*w - z = -h, -z + 15 = 5*w - 2*z. Suppose -w*y + 6*y = 44. Is y prime?
True
Suppose -8 = 4*h - 304. Is h a composite number?
True
Suppose -4*h = 4*n - 1456, -5*h + 3*n = 5*n - 1829. Is h a prime number?
True
Suppose -24551 + 463 = -8*i. Is i prime?
True
Let z(p) = 7*p + 6. Let j be z(-4). Let m be 8/44 - 84/j. Suppose 4*i - 12 = -m. Is i prime?
True
Let j(i) = 2*i**2 - 4*i. Let k be j(5). Suppose 2*n - k = -0*n. Is n a composite number?
True
Suppose 3*r - 90 = -r + 5*m, -3*m = r - 31. Is r a prime number?
False
Suppose -33 = 5*w - f, -4*w + w = 4*f + 6. Let h(j) = -j**2 - 11*j + 7. Is h(w) a composite number?
False
Suppose 601 = 3*q + 163. Let l = q - 77. Is l prime?
False
Suppose -3*s + 4 = 5*b, 3*s + 3*b - 36 = 6*b. Let h = -1 + s. Suppose 3*u = 2 + h. Is u a prime number?
True
Let u(f) = f**3 - f**2 + f + 2. Let j(o) = o**3 + 4*o**2 + 2*o - 1. Let h be j(-3). Let i = 1 + h. Is u(i) composite?
False
Let u(v) = 8*v - 3. Let s = -5 + 7. Is u(s) a prime number?
True
Is -127*(3 - 1 - 3) prime?
True
Let l(i) = i + 2. Let g be l(0). Suppose 2*q + g*q = 212. Is q a composite number?
False
Let o be ((-10)/20)/((-1)/8). Suppose 4*v + 5*k = -31, 2*v - 16 = 3*v + 4*k. Is 1 - o/(v/37) a composite number?
True
Suppose 124 = -14*u + 12402. Is u prime?
True
Is 3314/(-3)*(-57)/38 prime?
True
Let d(u) = -u**3 + 10*u**2 - 7*u + 7. Let m be -3*(-2)/9*12. Is d(m) prime?
True
Suppose 0 = 5*k - 10 - 40. Let u(b) = b**2 - 7*b - 7. Is u(k) a composite number?
False
Suppose -3*p = -4*f - 25, -4 - 21 = -5*f. Let u = -6 - -34. Let r = u - p. Is r composite?
False
Let a be ((-85)/(-15))/(1/33). Suppose i + 5*n = -0*n + 113, 431 = 4*i - n. Let q = a - i. Is q a composite number?
False
Suppose 7*x - 1965 = 4*x - v, -2*x + 1310 = 5*v. Is x composite